the highest common factor of l and 105?
21
Let l(n) = -5*n - 130 + 126 - 11*n. Let u be l(-1). Calculate the greatest common divisor of u and 3.
3
Suppose -27*m = -33*m + 3312. Calculate the greatest common divisor of m and 24.
24
Let f = 26 - 11. Let n be ((-380)/(-133))/(4/84). What is the highest common factor of f and n?
15
Suppose 152 = 5*k - 2*d, 5*k - 4*d = 84 + 70. What is the greatest common divisor of 300 and k?
30
Let s(y) = 42*y - 11. Let d be s(8). What is the highest common factor of 13 and d?
13
Suppose s - 5 = -5*l, l + 2*s + s = 15. Let g = 25 + -23. Suppose l = -2*a + 5*f + 100, -3*a + 7*f + 145 = g*f. What is the highest common divisor of a and 15?
15
Suppose -4*d = f - 63, -2*d - 2*f + 34 = -4*f. Let l = 42 + -26. Calculate the highest common divisor of l and d.
16
Suppose -q = 3 - 11. Let x(n) = -n**3 + 8*n**2 + 4*n - 7. Let l be x(q). Calculate the greatest common factor of l and 100.
25
Let l(t) = -49*t - 313. Let x be l(-7). What is the greatest common factor of x and 75?
15
Let k(n) = -n**2 + 13*n - 28. Let d be k(12). Let l be d*(4 + (-45)/5). What is the greatest common factor of 10 and l?
10
Suppose -4*r - 4*s + 68 = -0*r, 2*r - 14 = 2*s. Suppose 380 = 4*m + 3*a + a, 188 = 2*m + 4*a. What is the greatest common divisor of r and m?
12
Let p be 288/(13 - 7) + 0. What is the highest common divisor of p and 36?
12
Suppose 4*v - z = 73, -5*z + 15 + 52 = 4*v. Calculate the greatest common divisor of 900 and v.
18
Let p = -179 - -294. What is the highest common factor of 5 and p?
5
Let h = -5 - -5. Suppose 4*v - 308 = -5*y, -2*y + 4 + 4 = h. Let k(a) = 5*a**2 + a. Let c be k(-2). What is the highest common divisor of c and v?
18
Suppose -10*r = -x - 12*r + 56, 5*x - 5*r - 205 = 0. Calculate the greatest common divisor of x and 782.
46
Suppose 4*k + 5*a - 943 = 1367, 3*k - 1727 = -a. Calculate the greatest common factor of k and 23.
23
Let d(y) = 4*y**2 + 102 - 8*y - 93 - 3*y**2 - y. Let k be d(-9). What is the greatest common factor of k and 19?
19
Suppose 37 = 5*p - 33. Let x(v) = v**3 - 4*v**2 - 14*v + 14. Let h be x(6). Suppose 0 = h*g + 3*g - 280. Calculate the greatest common divisor of g and p.
14
Let s be (17 + -65)/((-9)/12). Let x(i) = 12*i - 12. Let u be x(5). What is the highest common factor of u and s?
16
Suppose 6 = -4*j - 6, 2*u - 21 = 3*j. Calculate the highest common factor of 930 and u.
6
Let f(s) = s**3 - 27*s**2 + 27*s + 54. Let b be f(26). Calculate the highest common divisor of b and 540.
20
Let f = 60 - -10. Calculate the greatest common divisor of 10 and f.
10
Suppose -4*p + 3*n + 68 = 6*n, 0 = p + n - 16. What is the highest common factor of 20 and p?
20
Suppose 3*o + 3*z = 0, 4*z + 6 = 2*o - 4*o. Suppose o*t - 31 = -4. Let p be (24/36)/(1/27). Calculate the greatest common divisor of t and p.
9
Suppose -2*a = 8, -4*c - 3*a + 10 = -2. Let x(y) = y**2 - 6*y + 15. Let g be x(c). Calculate the greatest common factor of g and 3.
3
Let v = -9 + 2. Let f(z) = -8*z - 24. Let n be f(v). Calculate the highest common divisor of n and 8.
8
Let r(k) = -k**2 + 71*k - 14. Let p be r(30). Calculate the highest common divisor of 76 and p.
76
Let b = -5 + 19. Let z(w) = w**2 - 3*w - 26. Let l be z(7). Let o(p) = 3*p**3 + p + 2. Let a be o(l). What is the highest common factor of a and b?
14
Let u = -147 + 79. Let s = -5 - u. Calculate the highest common divisor of s and 21.
21
Suppose 0 = w - v - 188, -2*w + v = -3*v - 380. Suppose -w - 34 = -2*k. Calculate the greatest common factor of k and 44.
22
Suppose 0 = -5*g + 20, -6*m + 5*g + 186 = -64. What is the highest common factor of 87 and m?
3
Suppose 1 = 2*x + 7. Let b = -2 - x. Let s = -815 - -820. Calculate the greatest common divisor of b and s.
1
Let h(d) = 10*d + 9. Let k be h(-3). Let g = k - -84. What is the greatest common divisor of g and 42?
21
Let n = 12 + -10. Let b(l) = 0 + 14*l - l**n - 1 + 2*l**2 + 6. Let s be b(-19). Calculate the highest common factor of s and 40.
20
Suppose o - 6 = -o, 108 = 5*z + o. Calculate the greatest common factor of 28 and z.
7
Let s = 1213 - 1187. Let x(v) = -2*v**3 - 4*v**2 - 7*v + 8. Let i be x(-6). What is the greatest common divisor of i and s?
26
Suppose 0*w = 9*w + w. Suppose w + 9 = 3*o - 3*x, -3*o = 4*x + 5. What is the highest common factor of 6 and o?
1
Let o(y) = 4*y**3 + 3*y**2 - 3*y + 1. Let d be o(1). Suppose -d*j + 112 = 22. What is the greatest common factor of j and 6?
6
Suppose 17*i - 19*i + 4*m + 518 = 0, i = -2*m + 247. What is the greatest common factor of 176 and i?
11
Let m be (-96 + -6)/(3/(-2)). Calculate the highest common divisor of 272 and m.
68
Let s(x) = 93*x - 27. Let t be s(3). Calculate the greatest common factor of t and 140.
28
Suppose 0 = -3*d + 4*r + 1770, 5*d + 3*r - 1036 - 1943 = 0. What is the greatest common divisor of 44 and d?
22
Let l be 365/10 - (-6)/(-4). What is the greatest common factor of 245 and l?
35
Let a = -2 - -12. Suppose 4*z + 22 = 2*m, 10*m - 5*m = -3*z - a. What is the greatest common divisor of 9 and m?
1
Let g = 459 + -369. What is the highest common factor of 36 and g?
18
Let q = -24 + 34. Let l be (13 + -1)/(-8 + q). What is the highest common factor of l and 144?
6
Let h(c) = c**2 + 3*c - 1. Let r be h(-3). Let y be 1 + 0 - r*5. Suppose 39*m - 34*m - 2*i = 84, -6 = -2*i. Calculate the highest common divisor of m and y.
6
Let j be (-8 + 2 + 7)*(-3 + 2050). What is the greatest common factor of j and 23?
23
Let i be (-16 + 13)*1/((-3)/35). Let u(l) = l**2 - 2*l - 3. Let v be u(4). Let b be i/2 - v/10. Calculate the greatest common divisor of b and 34.
17
Let w be 1/((-50)/175 - (-186)/602). What is the highest common divisor of 4 and w?
1
Suppose -3*h = 2*m - 129 + 51, 5*m = h - 26. Let a = 405 - 119. What is the greatest common divisor of a and h?
26
Suppose 0 = -3*t - r + 985, t = 5*r + 63 + 260. What is the greatest common divisor of t and 40?
8
Let n = -21 - -51. Let s be ((-8)/16)/(2/76). Let b = s + 25. Calculate the highest common factor of b and n.
6
Suppose -3*g = 316 - 454. Calculate the greatest common factor of 23 and g.
23
Suppose -170*t + 46 = -124*t. What is the greatest common divisor of t and 3?
1
Suppose 5*q + 16 = 1. Let i = 12 + q. Let n = 21 - i. What is the highest common divisor of 4 and n?
4
Let h = -4164 + 4236. Let j = -22 - -31. Calculate the greatest common factor of j and h.
9
Suppose 40 - 16 = 2*h + 3*m, h + 2*m = 14. What is the highest common divisor of h and 6?
6
Let u be ((-10)/(-3))/((-1)/(-3)). Let p = u + 40. Let a be ((-2)/12)/((-82)/62484) - 2. What is the greatest common factor of a and p?
25
Let g = 287 - 196. Calculate the highest common divisor of 78 and g.
13
Let r be (-35)/(-1)*9/(-90)*-24. What is the highest common divisor of r and 24?
12
Let k(m) = -m**2 - 3*m + 5. Suppose -4 = -2*s + 3*s. Let z be k(s). What is the highest common divisor of 2 and z?
1
Let x(n) = 3*n**3 + 3*n**2 - 3*n + 28. Let i be x(4). Calculate the greatest common factor of i and 16.
16
Let h be (24/24)/((-1)/(-18)). Calculate the greatest common factor of 42 and h.
6
Let b(v) = -56*v + 2. Let x be b(-2). Calculate the greatest common factor of 266 and x.
38
Let u(b) = 4*b**2 + 8*b + 4. Let y be 2/3*285/(-38). Let j be u(y). What is the highest common divisor of j and 8?
8
Let s be (-3)/2*8/(-1). Suppose -12532*l + 756 = -12523*l. What is the greatest common divisor of l and s?
12
Suppose x - t + 53 = -2*t, x = -2*t - 52. Let o = -30 - x. Let m be 6/14 - -391*6/14. Calculate the greatest common factor of o and m.
24
Suppose -4*w + 2*i = -158, 3*i = -1 + 4. What is the highest common divisor of 120 and w?
40
Let q(i) = 17*i + 19. Let f be q(1). What is the highest common factor of 108 and f?
36
Let a(w) = -w**3 + 3*w**2 + 3*w - 5. Let d be a(-3). Let v(f) = 4*f. Let y be v(1). Let c be (4/6)/(y/30). What is the highest common factor of d and c?
5
Let y(q) = -q**3 + 7*q**2 + 23*q - 12. Let z be y(9). Let t = z - 11. What is the highest common factor of t and 198?
22
Let p = -33 - -11. Let l be p*(-24 + -4)/4. What is the greatest common factor of 14 and l?
14
Suppose -6*s = -2*s - 48. Suppose -4*o = -308 - s. Let i be (-3)/(3/(-31)) + (3 - 2). What is the highest common factor of o and i?
16
Suppose -46*b + 809 + 1353 = 0. Calculate the hig